nder when d(7) is divided by 28.
24
Suppose 0 = 2*u + 3*u - 450. Suppose -5*n + 46 + 26 = 4*t, -u = -5*t - 5*n. Let c = 126 + -74. Calculate the remainder when c is divided by t.
16
Suppose -4*h - v = -7, h - 2*v = -4*v + 7. What is the remainder when (-9*h)/(1/(-3)) is divided by 7?
6
Let q(n) = 4*n - 7. What is the remainder when q(12) is divided by 22?
19
Suppose -4*u = 14 + 82. Suppose -26 = -2*a + 50. Let h = u + a. What is the remainder when 25 is divided by h?
11
Let l(t) = 3*t - 9. Let n(c) = -c + 2. Let i(y) = 2*l(y) + 9*n(y). What is the remainder when -2*(0 + -1 + -7) is divided by i(-2)?
4
Let y = -40 - -71. What is the remainder when y is divided by 8?
7
Let b = -8 + 4. Let t(p) = -7*p - 2. Calculate the remainder when t(b) is divided by 1/(-4) - (-114)/8.
12
Suppose -4*h - 69 = -7*h. Calculate the remainder when h is divided by 5.
3
Suppose 0 = v + 4*z - 22, 4*v + 0*z + 3*z - 114 = 0. What is the remainder when 27 is divided by (v/(-4))/(8/(-16))?
12
Let a be (-6)/(-4) - 50/4. Let r = 20 + a. Calculate the remainder when 25 is divided by r.
7
Suppose 0 = 2*r, -4*r - 11 = -4*p + 1. Suppose p*n = 3*f - 4*f + 19, 5*f - 43 = -2*n. Calculate the remainder when f is divided by 4.
3
Let y = -63 + 122. Calculate the remainder when y is divided by 20.
19
Let r = -5 - -1. Let p be (r/(-2) - -10) + -1. Suppose 0 = -z - p + 40. Calculate the remainder when z is divided by 15.
14
Let k(y) be the third derivative of y**4/24 - 2*y**3/3 + 2*y**2. What is the remainder when k(5) is divided by 1?
0
Let j(k) = -k**2 - k + 6. Suppose 3*l = -2*l. Suppose 3*u - 53 = -t, 0 = -2*u + 6*u + 5*t - 78. Calculate the remainder when u is divided by j(l).
5
Let r be (-14)/(-6) - 10/30. Suppose 5*v = n + 2*n, 0 = 2*n - 4*v + r. What is the remainder when 19 is divided by n?
4
Let o(f) = -f - 2. Calculate the remainder when (16 + 1)/((-2)/(-2)) is divided by o(-8).
5
Let h(l) = -3*l**2 - 17*l - 4. Calculate the remainder when 28 is divided by h(-4).
12
Let g(k) = -k**3 - 11*k**2 + 11*k + 4. What is the remainder when 47 is divided by g(-12)?
15
Suppose 0 = -2*x - 1 + 11. Let p(y) = 6 - 5*y**2 + 5*y**3 + y**3 + 2*y - 5*y**3. What is the remainder when 47 is divided by p(x)?
15
Suppose 2*m - m - 4 = n, -2*n = 3*m - 7. Suppose m*v + v = 12. What is the remainder when 6 is divided by v?
0
Suppose 5*k = -215 + 45. Let h = 49 + k. Let v(a) = 3*a**2 - a + 4. Calculate the remainder when v(3) is divided by h.
13
Suppose 0 = -c, -3*u - 24 = -7*u - 2*c. What is the remainder when u is divided by 4?
2
Suppose -2*b + 2 = -4*b, 2*h + 2*b = 438. Suppose k - h = -k. Suppose 4*f = k - 26. Calculate the remainder when 40 is divided by f.
19
Let z(x) = -4*x - 6. Let g be z(-4). Suppose -u + 25 = -g. Calculate the remainder when u is divided by 12.
11
Suppose 245 = 13*m - 8*m. Calculate the remainder when 146 is divided by m.
48
Let o = 1 - -2. Suppose -n = 4, -o*i + 4*n - 59 = 3*n. Let s = -1 - i. Calculate the remainder when s is divided by 7.
6
Suppose 2*d - 5*k - 83 = 0, 4*d - 140 = 3*k + 19. Let i(l) = l**2 + 4. Let a be i(0). Suppose -a*t = -t - d. Calculate the remainder when 50 is divided by t.
11
Let x = 13 - 4. Calculate the remainder when 15 is divided by x.
6
Let h be 1518/(-5) + (-8)/20. What is the remainder when h/(-4)*(-1)/(-4) is divided by 11?
8
Let d(p) = 69*p**2 + 2*p + 1. What is the remainder when d(-1) is divided by 14?
12
Suppose 2*c - 34 = 20. What is the remainder when 47 is divided by c + (-3 + 1)*1?
22
Suppose -w - o = 2*o + 7, 0 = 2*w - 5*o - 30. Suppose f - 37 = 2*r + r, -w*r = -f + 41. Suppose n - 7 - 9 = 0. What is the remainder when f is divided by n?
15
Suppose -2*c = 5*g - 19, -3*g + 25 = -g - 5*c. Suppose -6*b = -b - 65. Calculate the remainder when b is divided by g.
3
Suppose -2*g = 4*i - 27 - 75, -g = -2*i - 43. Calculate the remainder when g is divided by 10.
7
Let w(j) = -j - 2*j**3 - 3 - j + 6*j**2 + 3*j**3. What is the remainder when (-128)/(-5) + 4/10 is divided by w(-6)?
8
Calculate the remainder when 11 + (-3 - 3) - -31 is divided by (-150)/(-8) - 2/(-8).
17
Calculate the remainder when (483/2)/(-7)*-2 is divided by 18.
15
Suppose 6*p - 155 = -2*h + p, -182 = -2*h + 4*p. What is the remainder when h is divided by 22?
19
Let h = 30 - 65. Suppose k + 3*k - 253 = t, 3*t - 233 = -4*k. Let o = h + k. What is the remainder when o is divided by 14?
13
Let s(a) = 18*a + 0 - 2 + 4 - 3. What is the remainder when 33 is divided by s(1)?
16
Suppose 0 = 5*k + 5*j - 30, -j - 3*j = 16. What is the remainder when 39 is divided by k?
9
Suppose 4 = 4*f, -4*f + 145 = 4*y + f. Let r = 52 + -28. Suppose -2*o = -k + 2*k - 21, 4*k = -3*o + r. What is the remainder when y is divided by o?
11
Let l = 7 + -2. Suppose 5*z = -l*o - 0*o + 140, -3*o = -5*z - 60. Calculate the remainder when o is divided by 13.
12
Suppose -d + 5*y - 2 = 2, y - 4 = 0. Calculate the remainder when 45 is divided by d.
13
Let b = -1 + 4. Suppose 3*m = -m - 4, -4*d - 3*m = -45. Calculate the remainder when d is divided by b.
0
Let h(m) = m**2 + 8*m + 13. Calculate the remainder when h(-11) is divided by 12.
10
Let z = -1 - -21. Calculate the remainder when 73 is divided by z.
13
Suppose -81*z + 80*z + 10 = 0. Calculate the remainder when 39 is divided by z.
9
Calculate the remainder when 31 is divided by (-1)/5 + 41/5.
7
Let s be (-598)/5 + 8/(-20). What is the remainder when 57 is divided by ((-4)/8)/(3/s)?
17
Let o = 21 - 19. Suppose -g + 3 = -o. What is the remainder when 9 is divided by g?
4
Suppose 0*n = -5*n + 5. Let x = 4 + n. What is the remainder when 18 is divided by x?
3
Suppose 3*z - 2 = -3*m - 8, 3*z - 5*m = 10. Suppose 4*v - x = 29, -5*v + 3*x + 29 + 9 = z. What is the remainder when 11 is divided by v?
4
Suppose 0 = -4*t - t - 3*x + 27, -29 = -4*t + 5*x. Let u be -2 - -2*21/t. Suppose d + w = -2*w, -u*w = 5*d - 10. Calculate the remainder when 8 is divided by d.
2
Let g = 61 - 18. Suppose i = 5, 2*z - z + 3*i - 18 = 0. Calculate the remainder when g is divided by (-5*z)/(3/(-3)).
13
Suppose -5*g - 8 = -2*l, -3*l = -0*l + g - 29. Calculate the remainder when 25 is divided by l.
7
Let y be (5/(-5))/(2/6). Suppose 3 + 1 = 2*w. What is the remainder when 4/2 - 9/y is divided by w?
1
Suppose -n + 5*t - 10 = -6*n, 5*t - 20 = 0. Let q = 13 + n. What is the remainder when 20 is divided by q?
9
Let r = 7 + 6. Let q = r + -11. Calculate the remainder when 4 is divided by q.
0
Suppose p - 16 = -k, -23 = -2*k + 3*p - 2*p. Calculate the remainder when k is divided by 8.
5
What is the remainder when (-183)/(-6) + -3*(-2)/(-12) is divided by 9?
3
Let x = 1 - -4. Let w(p) = 3*p - 2. What is the remainder when 24 is divided by w(x)?
11
Let h(c) = 8*c**3 - 2*c**2 - 2*c - 1. Let v be h(-1). Let r = 27 - 13. What is the remainder when (-242)/(-6) + 3/v is divided by r?
12
Suppose -4*c = -8 - 12. Let f be ((-2)/(-4) - 1)*2. Let p(g) = 13*g**2 + 1. Calculate the remainder when p(f) is divided by c.
4
Suppose -2*a - 3*a + 5 = 0. Suppose 0 = -4*p + b - 5, 3*b - 4*b = -p - 5. Suppose -r + g = p, r + 5 = 3*r + 3*g. What is the remainder when r is divided by a?
0
Let j = 9 - 9. Suppose -2*x + 56 = g - j*g, 0 = 2*x - 2*g - 68. Calculate the remainder when x is divided by 16.
14
Let i = 33 + -20. What is the remainder when (-1)/(1 - 2)*37 is divided by i?
11
Let r(u) = u - 6. Let m be r(9). Let n be 62*m/(9 + -3). Suppose 0 = 5*h - n - 54. Calculate the remainder when h is divided by 9.
8
Suppose -2*c + v + 25 = -4*v, 5*v = 25. Let r = 1 - -12. What is the remainder when c is divided by r?
12
Suppose -g = -5*g + 52. What is the remainder when 33 is divided by g?
7
What is the remainder when 97 is divided by 436/18 - -1 - 4/18?
22
Suppose 2*q - 5 + 15 = 0, 0 = -4*l + 5*q + 381. Calculate the remainder when l is divided by 10.
9
Let v = 220 - 90. Suppose -z = 4*z - v. Calculate the remainder when z is divided by 14.
12
Let i(k) = -k**3 + 2*k**2 + 5*k - 2. Let q = 97 + -31. Suppose -4*g - q = -5*o, 3*o + 2*g - 4*g = 38. Calculate the remainder when o is divided by i(3).
2
Suppose 5*n - 3*b - 29 = -0*b, 5*n = -b + 17. What is the remainder when 4 is divided by n?
0
Let z be 5 - -2*3/6. Let n(y) = -y + 8. Let o be n(z). Let r(p) = p**3 + 2*p**2 - 4*p + 3. What is the remainder when 21 is divided by r(